{"id":3918,"date":"2017-11-15T15:34:36","date_gmt":"2017-11-15T14:34:36","guid":{"rendered":"https:\/\/lab-tac.com\/V2\/produit\/import-placeholder-for-2122\/"},"modified":"2024-10-15T15:00:58","modified_gmt":"2024-10-15T13:00:58","slug":"medic-tac-by-lab-tac-n1-2","status":"publish","type":"product","link":"https:\/\/lab-tac.com\/V2\/produit\/medic-tac-by-lab-tac-n1-2\/","title":{"rendered":"Medic Tac by Lab-Tac en France &#8211; Niv 1"},"content":{"rendered":"<p><em>Le ou les stages sont dirig\u00e9s par\u00a0<strong>des instructeurs fran\u00e7ais qualifi\u00e9s<\/strong>\u00a0qui sont pass\u00e9s dans des unit\u00e9s op\u00e9rationnelles et b\u00e9n\u00e9ficient des derni\u00e8res techniques issues des diff\u00e9rentes RETEX (retour exp\u00e9rience).<\/em><\/p>\n<p><i>Nos instructeurs sont tous d&rsquo;anciens assistants m\u00e9dicaux de combat ou param\u00e9dicaux, pompier professionnel actuels avec une vaste exp\u00e9rience op\u00e9rationnelle.<\/i><\/p>\n<h2 style=\"text-align: center;\">TACTICAL FIRST RESPONDER TRAINING<\/h2>\n<h2><\/h2>\n<h2>MEDIC 1 ( 1 journ\u00e9e )<\/h2>\n<h3>Pr\u00e9-requis<\/h3>\n<ul>\n<li>Aucun Pr\u00e9-requis n&rsquo;est n\u00e9cessaire pour participer a ce stage<\/li>\n<\/ul>\n<div>\n<h3>Programme :<\/h3>\n<ul>\n<li>Alerter<\/li>\n<li>Alerte et protection de la population<\/li>\n<li>Arr\u00eat cardiaque<\/li>\n<li>Br\u00fblures<\/li>\n<li>H\u00e9morragie externe<\/li>\n<li>Malaise<\/li>\n<li>Obstruction des voies a\u00e9riennes sup\u00e9rieure<\/li>\n<li>Perte de connaissances<\/li>\n<li>Plaies (graves et simple)<\/li>\n<li>Extraction d&rsquo;une victime<\/li>\n<li>Traumatisme des os et articulations<\/li>\n<li>Hypothermie<\/li>\n<\/ul>\n<div>\n<p>&nbsp;<\/p>\n<hr \/>\n<\/div>\n<h2>MEDIC 2 (2 journ\u00e9es)<\/h2>\n<p><em>A l&rsquo;issue de ce deuxi\u00e8me Niveau, vous aurez acquis les gestes et techniques de bases qui vous permettront, dans un contexte chaotique, de sauver des vies sans mettre en danger la v\u00f4tre.<\/em><\/p>\n<h3>Pr\u00e9-requis :<\/h3>\n<\/div>\n<ul>\n<li><span style=\"color: #ff0000;\">Participation au Medic\u00a0 1 ou niveau PSE 1\/2 ou \u00e9quivalent (sur avis des formateurs)<\/span><\/li>\n<li><span style=\"color: #ff0000;\">ou 1 Stage manipulation armement (Lab-Tac) <\/span><\/li>\n<\/ul>\n<h3>Programme :<\/h3>\n<ul>\n<li>Mise \u00e0 l\u2019abri<\/li>\n<li>D\u00e9s \u00e9quipement<\/li>\n<li>Gestion Armement<\/li>\n<li>Plaie thoracique \/ Plaie par balle \/ Plaie par arme blanche<\/li>\n<li>Plaie garrotable \/ non garrotable<\/li>\n<li>Membres arrach\u00e9s<\/li>\n<li>Auto-m\u00e9dic<\/li>\n<li>Collier cervical<\/li>\n<li>Relevage \/ brancardage<\/li>\n<li>Oxyg\u00e9noth\u00e9rapie (insufflation, inhalation)<\/li>\n<li>(Blast)<\/li>\n<li>Valeur pouls \/ pression art\u00e9rielle<\/li>\n<li>SAFE, Start A.B.C, MARCHE, RYAN<\/li>\n<li>Fiche bilan<\/li>\n<\/ul>\n<h4><em>Combat\u00a0:<\/em><\/h4>\n<ul>\n<li>Rupture contact<\/li>\n<li>Gestion \u00e9quipe<\/li>\n<li>CQB<\/li>\n<li>Signalisation moyen secours<\/li>\n<li>Langage RDO<\/li>\n<li>Extraction<\/li>\n<\/ul>\n<div><strong><em><span style=\"color: #ff6600;\">6 stagiaires mini \u00e0 12 personnes max<\/span>. 2 moniteurs et 1 assistant. LAB-TAC se r\u00e9serve le droit de reporter le stage si le nombre de participants n&rsquo;est pas suffisant<\/em><\/strong><\/div>\n<div><\/div>\n<div style=\"text-align: center;\"><\/div>\n<div><img loading=\"lazy\" decoding=\"async\" class=\"size-medium wp-image-4895 aligncenter\" src=\"https:\/\/lab-tac.com\/V2\/wp-content\/uploads\/2017\/12\/24203680_689735861231822_397612320_n-300x300.png\" alt=\"\" width=\"300\" height=\"300\" \/><\/div>\n<div><\/div>\n","protected":false},"excerpt":{"rendered":"<h2 style=\"text-align: center;\"><strong><span style=\"color: #000000;\">TACTICAL FIRST RESPONDER TRAINING\u00a0 \/ MEDIC TAC<\/span><\/strong><\/h2>\n<p>Ce training\u00a0fournira aux stagiaires les connaissances de niveau de base pour r\u00e9pondre aux situations d&rsquo;urgence par les gestes de premiers\u00a0 de secours.<\/p>\n<p>Nous pouvons <strong>tous<\/strong> un jour nous retrouver au mauvais endroit, au mauvais moment. A notre \u00e9poque, personne n\u2019est \u00e0 l\u2019abri de se retrouver dans une situation critique, que se soit en vacances, en d\u00e9placement professionnel, en France, \u00e0 l\u2019\u00e9tranger. Catastrophe naturelle, prise d\u2019otage, attentat, personnes bless\u00e9s et isol\u00e9s lors d\u2019une randonn\u00e9e, les situations peuvent \u00eatre multiples mais \u00e9galement les lieux: b\u00e2timents, for\u00eats, voiture accident\u00e9e ou en feu, etc. &#8230;<\/p>\n<div class=\"page\" title=\"Page 1\">\n<div class=\"section\">\n<div class=\"layoutArea\">\n<div class=\"column\">\n<p>Les M\u00e9decins du SAMU le disent:<\/p>\n<p>\u00ab\u00a0Il nous est impossible d \u00eatre chez les bless\u00e9s en moins de 4 min. Et il faut intervenir dans les 4 min pour donner un maximum de r\u00e9sultat dans le cadre d&rsquo;une r\u00e9animation cardio pulmonaire!\u00a0\u00bb<\/p>\n<p>Public concern\u00e9 :<\/p>\n<ul>\n<li>Professionnels de la s\u00e9curit\u00e9s (CQP, APR, SSIAP, convoyeurs de fonds, &#8230;)<\/li>\n<li>Forces de l\u2019Ordre, Douanes, Personnels p\u00e9nitentiaires.<\/li>\n<li>Acteurs de la cha\u00eene de secours (Sapeurs-pompiers, Associations de secourisme, SMUR, ..)<\/li>\n<li>Reporters de guerre, Personnels O.N.G<\/li>\n<li>Citoyens<\/li>\n<li>Tout public majeur<\/li>\n<\/ul>\n<p>PLUS DE RENSEIGNEMENTS DANS LES ONGLETS CI-DESSOUS<\/p>\n<\/div>\n<\/div>\n<\/div>\n<\/div>\n<p>&nbsp;<\/p>\n<p><!--:--><\/p>\n","protected":false},"featured_media":4869,"template":"","meta":[],"product_brand":[],"product_cat":[212],"product_tag":[],"class_list":{"0":"post-3918","1":"product","2":"type-product","3":"status-publish","4":"has-post-thumbnail","6":"product_cat-medic-tac","8":"first","9":"instock","10":"shipping-taxable","11":"purchasable","12":"product-type-variable"},"jetpack_sharing_enabled":true,"_links":{"self":[{"href":"https:\/\/lab-tac.com\/V2\/wp-json\/wp\/v2\/product\/3918","targetHints":{"allow":["GET"]}}],"collection":[{"href":"https:\/\/lab-tac.com\/V2\/wp-json\/wp\/v2\/product"}],"about":[{"href":"https:\/\/lab-tac.com\/V2\/wp-json\/wp\/v2\/types\/product"}],"wp:featuredmedia":[{"embeddable":true,"href":"https:\/\/lab-tac.com\/V2\/wp-json\/wp\/v2\/media\/4869"}],"wp:attachment":[{"href":"https:\/\/lab-tac.com\/V2\/wp-json\/wp\/v2\/media?parent=3918"}],"wp:term":[{"taxonomy":"product_brand","embeddable":true,"href":"https:\/\/lab-tac.com\/V2\/wp-json\/wp\/v2\/product_brand?post=3918"},{"taxonomy":"product_cat","embeddable":true,"href":"https:\/\/lab-tac.com\/V2\/wp-json\/wp\/v2\/product_cat?post=3918"},{"taxonomy":"product_tag","embeddable":true,"href":"https:\/\/lab-tac.com\/V2\/wp-json\/wp\/v2\/product_tag?post=3918"}],"curies":[{"name":"wp","href":"https:\/\/api.w.org\/{rel}","templated":true}]}}